What is the units digit of 11 - -1*b/3?
9
Let g be (7 + -12)*6/5. Let x = g + 2. Let o(q) = -q**3 - 3*q**2 + 3*q + 2. What is the units digit of o(x)?
6
Let p(n) = -5*n + 3. What is the tens digit of p(-7)?
3
What is the tens digit of -8*(4/(-18) + (-1300)/144)?
7
What is the tens digit of (-7)/(-2)*(5 + 2 + 3)?
3
Let q = 10 + -20. Let b = q + 10. Suppose -4*i + 3*o + 101 = b, -24 = -5*i + 5*o + 106. What is the tens digit of i?
2
Let z be (30/9)/(4/18). Suppose 2*t + z = -3*t. Let o = t + 4. What is the units digit of o?
1
What is the tens digit of 169/3 - 6/(-9)?
5
Suppose -95 = -3*y - 8. What is the units digit of y?
9
Suppose 3*d - x = -0*d - 5, 5*x - 10 = 0. Let v(g) = -34*g - 1. What is the units digit of v(d)?
3
Let a be 2/4 + 684/8. Let r = a + -52. What is the tens digit of r?
3
Let y(x) = -x**2 - 2*x - 3. Let h be y(-6). What is the units digit of (h/(-18))/((-2)/(-36))?
7
Let q(d) = 5*d. Let l be q(1). Suppose 28 = h + 6*h. Suppose -h*o + l - 22 = -b, -o = 3*b - 25. What is the units digit of b?
9
Suppose -14 + 9 = -5*t. Let n(c) = 18*c**3 - 2*c + 1. What is the tens digit of n(t)?
1
Let a(n) = 19*n - 4. Let t be a(6). Suppose 18*x = 13*x + t. What is the units digit of x?
2
Let o = 6 - 8. Let z be 3/6*o + 49. Suppose -b = 5*h - 66, 0 = 2*h + b - 6*b - z. What is the tens digit of h?
1
Suppose 5*j - 35 = -5*n, 3*j + 2*n - 35 = 6*n. Let t = -8 + j. What is the units digit of t?
1
Suppose -3*t = 4*v - 149, 20 = 5*v - v. What is the tens digit of t?
4
Suppose k + 2*w - 7 = 0, 3*w - 1 - 47 = -4*k. Let x be (-1 + 0)*(2 - k). Suppose -3*m = -5 - x. What is the units digit of m?
6
Let b = 6 + -3. Suppose 0 = -b*z - 2*z + 5. What is the units digit of z?
1
What is the tens digit of (-146)/(-6) + (-16)/(-24)?
2
Suppose 0 = 4*v - v - 12. What is the units digit of (10/8)/(v/32)?
0
Suppose -7*j = -421 - 1049. What is the tens digit of j?
1
Suppose -5*y - i = -58, 5 = 5*i - 10. What is the units digit of y?
1
Let p(y) be the first derivative of 7/2*y**2 - 1 - 5/3*y**3 + 8*y - 1/4*y**4. What is the units digit of p(-6)?
2
Let n be 2/(-1)*(-6)/(-12). Let d be 2 + n - (-75)/3. Let r = d - 9. What is the tens digit of r?
1
Let x be 10/5 - (0 - 0). Let m = 2 - x. Suppose -4*j - 23 + 79 = m. What is the tens digit of j?
1
Let g(s) be the third derivative of s**6/120 - s**5/12 - 5*s**4/24 + 3*s**3/2 + 3*s**2. What is the tens digit of g(6)?
1
Let n(q) = q**2 - q - 2. Let r be n(2). Suppose -t = -r*t + 1. What is the tens digit of (-4 + 19)/(2 + t)?
1
Let x = 186 - 114. What is the units digit of x?
2
Suppose 0 = -4*z + 12, 0 = f - 5*z + 10 + 5. Let a = 0 + 0. What is the units digit of (a - 2) + (f - -11)?
9
Suppose -5*m + 2*g + 62 = 0, 5*g - 85 + 23 = -3*m. What is the tens digit of m?
1
Suppose 20 = 5*j - 5*r, 0 = -r - 3*r - 16. Let q = j - 0. Suppose q = -5*o + 54 + 11. What is the units digit of o?
3
Let z be (-321)/(-6) - (-3)/(-6). Let t = -24 + z. Let w = t + -18. What is the tens digit of w?
1
Let o be ((-2)/2)/(3/(-15)). Suppose 2*m + q - 22 = -q, o*m + 2*q = 40. Suppose 0 = -2*u + m + 6. What is the units digit of u?
6
Suppose 4*a + 4*g + 4 = -0*g, -2*a - 8 = 4*g. Suppose -c - c + a*x = -28, 0 = -2*x - 10. What is the units digit of c?
9
Let d = 20 - 14. What is the units digit of d?
6
Let y = 291 + -204. What is the units digit of y?
7
Let u(g) = -g - 1. Let q be u(-2). Suppose -15 = -p - q. What is the units digit of p?
4
What is the tens digit of -2 + 2*36/2?
3
Let w = -228 - -498. What is the tens digit of w?
7
Let w = -25 + 25. Suppose w = 2*h - i - 44, -4*i - 66 = -3*h - 5*i. What is the units digit of h?
2
Let b = -2 + 16. What is the tens digit of b?
1
Suppose 266 = 5*u - 299. What is the units digit of u?
3
Let w be (-4 - (-14)/3)*6. Suppose -h - 20 = -5*h. Suppose h*j + 14 = w*t, j + 2 - 10 = -t. What is the units digit of t?
6
Suppose -9 = -5*n + 4*f + 704, -5*f - 10 = 0. What is the units digit of n?
1
Let n(w) = w - 2. Let t be n(1). Let y = 1 - t. What is the units digit of y?
2
What is the tens digit of (-1954)/(-30) - 20/150?
6
Let f(j) = j**3 + 7*j**2 + 3*j + 3. What is the units digit of f(-4)?
9
Let f be 1/3 - 14/(-3). Suppose 0 = -t + f + 11. What is the tens digit of t?
1
Let z = -8 - -22. What is the tens digit of z?
1
Suppose -4*x - 20 - 8 = 0. Let b(j) be the first derivative of -j**2/2 - 2*j - 8. What is the units digit of b(x)?
5
Suppose 8*x = 3*x. Let h(n) = 3*n**3 + 5*n**2 + 4*n + 11. Let k(t) = t**3 + t**2 + t + 1. Let u(l) = h(l) - 4*k(l). What is the units digit of u(x)?
7
Suppose 9*j + 136 = 11*j. What is the tens digit of j?
6
Suppose 2*c - h + 3 - 2 = 0, -3*h - 7 = -c. Let i be 0/2*(-1)/c. Suppose x - 1 = -i*x. What is the units digit of x?
1
Let i = -20 + 49. What is the tens digit of i?
2
Let r be -3*(-2)/12*38. Let x = r - 11. What is the units digit of x/36 - (-61)/9?
7
Let q(g) = g**2 + 9*g + 8. What is the tens digit of q(-12)?
4
Let r(z) = -5*z + 16. What is the tens digit of r(-10)?
6
Suppose 45 = 2*h + h. Suppose -a + h = -4*j - 6, -a + j + 27 = 0. Let t = -16 + a. What is the units digit of t?
3
Suppose 3*a = 2*f + 2*f - 488, 0 = f - 3*a - 113. What is the units digit of f?
5
Suppose 4*d = 3*o + 18 - 5, 0 = -2*o - d + 6. Let s(t) = -4*t**3 - t**2 - t + 1. Let a(r) = r**3. Let p(w) = 2*a(w) - s(w). What is the units digit of p(o)?
7
Suppose -4*a + 15 = a. Suppose a*z = g + 3, 4*z - 3*g - 8 = 1. Suppose m - 5 = -z*m. What is the units digit of m?
5
Let z(f) = -f**2 + 14*f - 6. Let l(o) = -o**2 + 13*o - 6. Let k = 2 - 8. Let g(d) = k*z(d) + 7*l(d). What is the units digit of g(4)?
6
Let h(n) = 16*n + 1. What is the units digit of h(6)?
7
Let a be (-3 + 2)*0/(-3). Suppose 5*x - 12 - 28 = a. What is the units digit of x?
8
Suppose -104 = 5*u + 3*q + 36, 35 = -2*u + 3*q. Let y be 5/(u/(-4))*-10. What is the units digit of (-28)/y + 2/(-4)?
3
Suppose 2*t = -t + 12. Suppose 0 = -0*m + t*m - 2*c - 190, 5*m - 2*c = 240. What is the tens digit of m?
5
Suppose -3*w - 2 = -14. Suppose 4*v - 3*l = 7, v = -w*v + 2*l + 14. Suppose -42 = -5*x + 3*q - v*q, 5*q = -x + 18. What is the units digit of x?
8
Let j = 47 - 25. What is the tens digit of j?
2
Let w = 37 + -15. Let o = w + -12. What is the tens digit of o?
1
Let z(n) = -n**3 - 7*n**2 + n**2 + 10 + 0*n**2 + 8*n. Let t = 11 + -18. What is the units digit of z(t)?
3
Suppose -3*t - 3*j = -105, 0*t = -t - 2*j + 31. What is the tens digit of t?
3
Let l(r) = r - 3. What is the units digit of l(12)?
9
Suppose -2*g + 5 = -g. What is the units digit of 1/g - 8/(-10)?
1
Let k(o) = -o**2 - 8*o - 7. Let q = -3 - -8. Let l = -10 + q. What is the units digit of k(l)?
8
Let s be 2/6 - 2408/(-21). Suppose -s = -4*l + 3*q + 78, l - 61 = 5*q. What is the tens digit of l?
4
Let y(k) = 12*k**2 + 3*k. What is the tens digit of y(-2)?
4
What is the units digit of ((-1)/(-4))/(2/24)?
3
Let s = 1235 + -865. What is the tens digit of s?
7
Let f(t) = t**2 + 4*t - 5. Let a be f(-4). Let v(o) = -109 + 4*o**2 - 4*o + 116 + 0*o + o**3. What is the units digit of v(a)?
2
Suppose 5*y + 78 = 4*s - 0*y, 4*y = -5*s + 118. Suppose -3*j + s = -11. What is the tens digit of j?
1
Suppose -2*a = -4*a + 18. Let j(h) = -h**3 + 10*h**2 - 9*h + 2. Let n be j(a). What is the units digit of 2 - 2 - (-2)/n?
1
Let c = 9 - 5. Let j = c + -3. What is the units digit of -3 + 11/1*j?
8
Suppose -3*k + 9 = -6. Suppose 0 = 3*o + k - 14. Suppose o*m = -2*r - m + 16, r - 8 = -5*m. What is the units digit of r?
8
Suppose -5*t = -139 - 66. Let i = 57 - t. What is the units digit of i?
6
Let k be 3 + (0 - -5)*1. Suppose 2*x + 2*x - k = 0. Suppose x*a - 9 = a. What is the units digit of a?
9
Let y(m) = -m**2 + 6*m - 4. Let b(t) = -3*t + 2*t - 4 + 7. Let x be b(0). What is the units digit of y(x)?
5
Let w(n) = 2*n + 8. Let x be w(-6). What is the units digit of (36/(-10))/(x/10)?
9
Let y be (-4 + -3)*(-360)/(-28). Let b = 131 + y. What is the tens digit of b?
4
Suppose -4*h + 67 = v, -5*v + 3*h = -298 - 129. What is the units digit of v?
3
Let z = 7 + -3. Suppose b + 2*n = 3, 5 + 16 = -z*b + 3*n. Let l = b - -8. What is the units digit of l?
5
Suppose 2*g - 2*w = w + 10, w = g - 5. Let z(d) = -10*d - 42. Let y(t) = 4*t + 17. Let q(j) = -12*y(j) - 5*z(j). What is the tens digit of q(g)?
1
What is the units digit of 82